{"id":499,"date":"2023-05-03T17:33:11","date_gmt":"2023-05-03T15:33:11","guid":{"rendered":"https:\/\/matopro.fr\/?post_type=product&#038;p=499"},"modified":"2025-10-29T23:43:09","modified_gmt":"2025-10-29T22:43:09","slug":"a15-mc","status":"publish","type":"product","link":"https:\/\/matopro.fr\/index.php\/produit\/a15-mc\/","title":{"rendered":"A15 MC"},"content":{"rendered":"<p>Principales caract\u00e9ristiques du d\u00e9tartrant pour lave-vaisselle A15 MC :<\/p>\n<p>R\u00e9f. 20006217<\/p>\n<ul>\n<li>Les pastilles sont utiles pour \u00e9liminer les odeurs ou les produits gras.<\/li>\n<li>Le produit facilite le processus d&rsquo;auto-nettoyage en \u00e9liminant les l\u00e9gers d\u00e9p\u00f4ts de calcaire et autres r\u00e9sidus de salet\u00e9.<\/li>\n<\/ul>\n<p>La bo\u00eete contient 25 pastilles.<\/p>\n","protected":false},"excerpt":{"rendered":"<p>Principales caract\u00e9ristiques du d\u00e9tartrant pour lave-vaisselle A15 MC : R\u00e9f. 20006217 Les pastilles sont utiles pour \u00e9liminer les odeurs ou les produits gras. Le produit facilite le processus d&rsquo;auto-nettoyage en \u00e9liminant les l\u00e9gers d\u00e9p\u00f4ts de calcaire et autres r\u00e9sidus de salet\u00e9. La bo\u00eete contient 25 pastilles.<\/p>\n","protected":false},"featured_media":500,"comment_status":"open","ping_status":"closed","template":"","meta":{"_uag_custom_page_level_css":"","swt_meta_header_display":false,"swt_meta_footer_display":false,"swt_meta_site_title_display":true,"swt_meta_sticky_header":false,"swt_meta_transparent_header":false,"advanced_seo_description":"","jetpack_seo_html_title":"","jetpack_seo_noindex":false,"jetpack_publicize_message":"","jetpack_publicize_feature_enabled":true,"jetpack_social_post_already_shared":true,"jetpack_social_options":{"image_generator_settings":{"template":"highway","default_image_id":0,"font":"","enabled":false},"version":2}},"product_brand":[],"product_cat":[59,71],"product_tag":[54],"class_list":{"0":"post-499","1":"product","2":"type-product","3":"status-publish","4":"has-post-thumbnail","6":"product_cat-detartrant-lave-vaisselle","7":"product_cat-lave-vaisselles","8":"product_tag-winterhalter","10":"first","11":"instock","12":"taxable","13":"shipping-taxable","14":"purchasable","15":"product-type-simple"},"jetpack_publicize_connections":[],"uagb_featured_image_src":{"full":["https:\/\/i0.wp.com\/matopro.fr\/wp-content\/uploads\/2023\/05\/a15-mc-winterhalter.jpg?fit=1000%2C1000&ssl=1",1000,1000,false],"thumbnail":["https:\/\/i0.wp.com\/matopro.fr\/wp-content\/uploads\/2023\/05\/a15-mc-winterhalter.jpg?resize=150%2C150&ssl=1",150,150,true],"medium":["https:\/\/i0.wp.com\/matopro.fr\/wp-content\/uploads\/2023\/05\/a15-mc-winterhalter.jpg?fit=300%2C300&ssl=1",300,300,true],"medium_large":["https:\/\/i0.wp.com\/matopro.fr\/wp-content\/uploads\/2023\/05\/a15-mc-winterhalter.jpg?fit=768%2C768&ssl=1",768,768,true],"large":["https:\/\/i0.wp.com\/matopro.fr\/wp-content\/uploads\/2023\/05\/a15-mc-winterhalter.jpg?fit=1000%2C1000&ssl=1",1000,1000,true],"1536x1536":["https:\/\/i0.wp.com\/matopro.fr\/wp-content\/uploads\/2023\/05\/a15-mc-winterhalter.jpg?fit=1000%2C1000&ssl=1",1000,1000,true],"2048x2048":["https:\/\/i0.wp.com\/matopro.fr\/wp-content\/uploads\/2023\/05\/a15-mc-winterhalter.jpg?fit=1000%2C1000&ssl=1",1000,1000,true],"mailpoet_newsletter_max":["https:\/\/i0.wp.com\/matopro.fr\/wp-content\/uploads\/2023\/05\/a15-mc-winterhalter.jpg?fit=1000%2C1000&ssl=1",1000,1000,true],"woocommerce_thumbnail":["https:\/\/i0.wp.com\/matopro.fr\/wp-content\/uploads\/2023\/05\/a15-mc-winterhalter.jpg?resize=300%2C300&ssl=1",300,300,true],"woocommerce_single":["https:\/\/i0.wp.com\/matopro.fr\/wp-content\/uploads\/2023\/05\/a15-mc-winterhalter.jpg?fit=600%2C600&ssl=1",600,600,true],"woocommerce_gallery_thumbnail":["https:\/\/i0.wp.com\/matopro.fr\/wp-content\/uploads\/2023\/05\/a15-mc-winterhalter.jpg?resize=100%2C100&ssl=1",100,100,true],"jetpack-portfolio-admin-thumb":["https:\/\/i0.wp.com\/matopro.fr\/wp-content\/uploads\/2023\/05\/a15-mc-winterhalter.jpg?resize=50%2C50&ssl=1",50,50,true]},"uagb_author_info":{"display_name":"illona laurent","author_link":"https:\/\/matopro.fr\/index.php\/author\/"},"uagb_comment_info":0,"uagb_excerpt":"Principales caract\u00e9ristiques du d\u00e9tartrant pour lave-vaisselle A15 MC : R\u00e9f. 20006217 Les pastilles sont utiles pour \u00e9liminer les odeurs ou les produits gras. Le produit facilite le processus d&rsquo;auto-nettoyage en \u00e9liminant les l\u00e9gers d\u00e9p\u00f4ts de calcaire et autres r\u00e9sidus de salet\u00e9. La bo\u00eete contient 25 pastilles.","jetpack_sharing_enabled":false,"jetpack-related-posts":[{"id":501,"url":"https:\/\/matopro.fr\/index.php\/produit\/cm-tabs\/","url_meta":{"origin":499,"position":0},"title":"CM Tabs","author":"illona laurent","date":"3 mai 2023","format":false,"excerpt":"Pastilles d\u00e9tergentes pour machine \u00e0 caf\u00e9. Uniquement pour un usage professionnel.","rel":"","context":"Article similaire","block_context":{"text":"Article similaire","link":""},"img":{"alt_text":"","src":"https:\/\/i0.wp.com\/matopro.fr\/wp-content\/uploads\/2023\/05\/cm-tabs.png?fit=324%2C486&ssl=1&resize=350%2C200","width":350,"height":200},"classes":[]},{"id":612,"url":"https:\/\/matopro.fr\/index.php\/produit\/detartrant-machine-a-cafe\/","url_meta":{"origin":499,"position":1},"title":"D\u00e9tartrant machine \u00e0 caf\u00e9","author":"illona laurent","date":"5 mai 2023","format":false,"excerpt":"D\u00e9tartrant en tablettes, 6 pi\u00e8ces - Pour machine \u00e0 caf\u00e9, four vapeur, FashionMaster, four\/cuisini\u00e8re avec fonction HydraCook.","rel":"","context":"Article similaire","block_context":{"text":"Article similaire","link":""},"img":{"alt_text":"detartrant-machine-cafe","src":"https:\/\/i0.wp.com\/matopro.fr\/wp-content\/uploads\/2023\/05\/Detartrant.1.png?fit=591%2C466&ssl=1&resize=350%2C200","width":350,"height":200,"srcset":"https:\/\/i0.wp.com\/matopro.fr\/wp-content\/uploads\/2023\/05\/Detartrant.1.png?fit=591%2C466&ssl=1&resize=350%2C200 1x, https:\/\/i0.wp.com\/matopro.fr\/wp-content\/uploads\/2023\/05\/Detartrant.1.png?fit=591%2C466&ssl=1&resize=525%2C300 1.5x"},"classes":[]},{"id":616,"url":"https:\/\/matopro.fr\/index.php\/produit\/nettoyant-machine-a-cafe\/","url_meta":{"origin":499,"position":2},"title":"Nettoyant machine \u00e0 caf\u00e9","author":"illona laurent","date":"5 mai 2023","format":false,"excerpt":"Nettoyant en tablettes, x 10 pi\u00e8ces - Pour les machines \u00e0 caf\u00e9, afin de garder intact le plaisir d'un bon caf\u00e9. R\u00e9f.10270530","rel":"","context":"Article similaire","block_context":{"text":"Article similaire","link":""},"img":{"alt_text":"nettoyant-machine-cafe","src":"https:\/\/i0.wp.com\/matopro.fr\/wp-content\/uploads\/2023\/05\/Nettoyant.1.png?fit=454%2C468&ssl=1&resize=350%2C200","width":350,"height":200},"classes":[]},{"id":489,"url":"https:\/\/matopro.fr\/index.php\/produit\/brilliant-tabs\/","url_meta":{"origin":499,"position":3},"title":"Brilliant Tabs","author":"illona laurent","date":"3 mai 2023","format":false,"excerpt":"Principales caract\u00e9ristiques du produit Brilliant Tabs : R\u00e9f.32192 Sans chlore actif. Convient \u00e0 tous les types de vaisselle. Avec un parfum d'agrumes. Simple et pratique \u00e0 utiliser. Pour l'utilisation de machines avec un r\u00e9servoir et utilisant de l'eau fra\u00eeche. La bo\u00eete contient 60 pastilles.","rel":"","context":"Article similaire","block_context":{"text":"Article similaire","link":""},"img":{"alt_text":"brilliant-tabs","src":"https:\/\/i0.wp.com\/matopro.fr\/wp-content\/uploads\/2023\/05\/brillant-tabs.jpg?fit=355%2C314&ssl=1&resize=350%2C200","width":350,"height":200},"classes":[]},{"id":1069,"url":"https:\/\/matopro.fr\/index.php\/produit\/p-300-10-kg\/","url_meta":{"origin":499,"position":4},"title":"P 300 &#8211; 10 kg","author":"illona laurent","date":"26 mai 2023","format":false,"excerpt":"Convient aux lave-vaisselle professionnels \u00e0 porte d'entr\u00e9e et \u00e0 panier pour les restaurants, les h\u00f4tels et les cuisines de cantine. Ce produit \u00e9limine efficacement les r\u00e9sidus de caf\u00e9 et de th\u00e9 s\u00e9ch\u00e9s et autres colorants ainsi que les r\u00e9sidus alimentaires l\u00e9g\u00e8rement s\u00e9ch\u00e9s. Pr\u00e9-v\u00e9rifier l'aluminium anodis\u00e9 et les alliages de m\u00e9taux\u2026","rel":"","context":"Article similaire","block_context":{"text":"Article similaire","link":""},"img":{"alt_text":"p-300-10-kg","src":"https:\/\/i0.wp.com\/matopro.fr\/wp-content\/uploads\/2023\/05\/P300-10kg-winterhalter.png?fit=375%2C314&ssl=1&resize=350%2C200","width":350,"height":200},"classes":[]},{"id":471,"url":"https:\/\/matopro.fr\/index.php\/produit\/p-300-25-kg\/","url_meta":{"origin":499,"position":5},"title":"P 300 &#8211; 25 kg","author":"illona laurent","date":"3 mai 2023","format":false,"excerpt":"Convient aux lave-vaisselle professionnels \u00e0 porte d'entr\u00e9e et \u00e0 panier pour les restaurants, les h\u00f4tels et les cuisines de cantine. Ce produit \u00e9limine efficacement les r\u00e9sidus de caf\u00e9 et de th\u00e9 s\u00e9ch\u00e9s et autres colorants ainsi que les r\u00e9sidus alimentaires l\u00e9g\u00e8rement s\u00e9ch\u00e9s. Pr\u00e9-v\u00e9rifier l'aluminium anodis\u00e9 et les alliages de m\u00e9taux\u2026","rel":"","context":"Article similaire","block_context":{"text":"Article similaire","link":""},"img":{"alt_text":"p-300-25-kg","src":"https:\/\/i0.wp.com\/matopro.fr\/wp-content\/uploads\/2023\/05\/p300-25kg-winterhalter.jpg?fit=717%2C800&ssl=1&resize=350%2C200","width":350,"height":200,"srcset":"https:\/\/i0.wp.com\/matopro.fr\/wp-content\/uploads\/2023\/05\/p300-25kg-winterhalter.jpg?fit=717%2C800&ssl=1&resize=350%2C200 1x, https:\/\/i0.wp.com\/matopro.fr\/wp-content\/uploads\/2023\/05\/p300-25kg-winterhalter.jpg?fit=717%2C800&ssl=1&resize=525%2C300 1.5x, https:\/\/i0.wp.com\/matopro.fr\/wp-content\/uploads\/2023\/05\/p300-25kg-winterhalter.jpg?fit=717%2C800&ssl=1&resize=700%2C400 2x"},"classes":[]}],"jetpack_likes_enabled":false,"_links":{"self":[{"href":"https:\/\/matopro.fr\/index.php\/wp-json\/wp\/v2\/product\/499","targetHints":{"allow":["GET"]}}],"collection":[{"href":"https:\/\/matopro.fr\/index.php\/wp-json\/wp\/v2\/product"}],"about":[{"href":"https:\/\/matopro.fr\/index.php\/wp-json\/wp\/v2\/types\/product"}],"replies":[{"embeddable":true,"href":"https:\/\/matopro.fr\/index.php\/wp-json\/wp\/v2\/comments?post=499"}],"wp:featuredmedia":[{"embeddable":true,"href":"https:\/\/matopro.fr\/index.php\/wp-json\/wp\/v2\/media\/500"}],"wp:attachment":[{"href":"https:\/\/matopro.fr\/index.php\/wp-json\/wp\/v2\/media?parent=499"}],"wp:term":[{"taxonomy":"product_brand","embeddable":true,"href":"https:\/\/matopro.fr\/index.php\/wp-json\/wp\/v2\/product_brand?post=499"},{"taxonomy":"product_cat","embeddable":true,"href":"https:\/\/matopro.fr\/index.php\/wp-json\/wp\/v2\/product_cat?post=499"},{"taxonomy":"product_tag","embeddable":true,"href":"https:\/\/matopro.fr\/index.php\/wp-json\/wp\/v2\/product_tag?post=499"}],"curies":[{"name":"wp","href":"https:\/\/api.w.org\/{rel}","templated":true}]}}