{"id":498,"date":"2023-05-03T17:00:58","date_gmt":"2023-05-03T15:00:58","guid":{"rendered":"https:\/\/matopro.fr\/?post_type=product&#038;p=498"},"modified":"2025-10-29T23:43:09","modified_gmt":"2025-10-29T22:43:09","slug":"combi-clean","status":"publish","type":"product","link":"https:\/\/matopro.fr\/index.php\/produit\/combi-clean\/","title":{"rendered":"Combi Clean 0.75l"},"content":{"rendered":"<div id=\"\">\n<div id=\"\">\n<div id=\"\">\n<div id=\"\">\n<p dir=\"\" data-angle=\"\" data-canvas-width=\"\" data-font-name=\"\">Principales caract\u00e9ristiques du nettoyant pour four Neodisher Combi Clean :<\/p>\n<p dir=\"\" data-angle=\"\" data-canvas-width=\"\" data-font-name=\"\">R\u00e9f.<\/p>\n<ul>\n<li dir=\"\" data-angle=\"\" data-canvas-width=\"\" data-font-name=\"\">\u00c9limine efficacement la graisse, les prot\u00e9ines et les r\u00e9sidus alimentaires brul\u00e9s.<\/li>\n<li dir=\"\" data-angle=\"\" data-canvas-width=\"\" data-font-name=\"\">Ne convient pas aux surfaces peintes et en aluminium.<\/li>\n<li dir=\"\" data-angle=\"\" data-canvas-width=\"\" data-font-name=\"\">Tr\u00e8s bonne compatibilit\u00e9 mat\u00e9rielle.<\/li>\n<li dir=\"\" data-angle=\"\" data-canvas-width=\"\" data-font-name=\"\">Fortement concentr\u00e9<\/li>\n<\/ul>\n<\/div>\n<\/div>\n<\/div>\n<\/div>\n","protected":false},"excerpt":{"rendered":"<p>Pour le nettoyage manuel des fours mixtes, fours et grills ainsi que pour les fours avec un syst\u00e8me de nettoyage automatique.<\/p>\n","protected":false},"featured_media":624,"comment_status":"open","ping_status":"closed","template":"","meta":{"_uag_custom_page_level_css":"","swt_meta_header_display":false,"swt_meta_footer_display":false,"swt_meta_site_title_display":true,"swt_meta_sticky_header":false,"swt_meta_transparent_header":false,"advanced_seo_description":"","jetpack_seo_html_title":"","jetpack_seo_noindex":false,"jetpack_publicize_message":"","jetpack_publicize_feature_enabled":true,"jetpack_social_post_already_shared":true,"jetpack_social_options":{"image_generator_settings":{"template":"highway","default_image_id":0,"font":"","enabled":false},"version":2}},"product_brand":[],"product_cat":[62],"product_tag":[52],"class_list":{"0":"post-498","1":"product","2":"type-product","3":"status-publish","4":"has-post-thumbnail","6":"product_cat-nettoyants-four","7":"product_tag-neodisher-dr-weigert","9":"first","10":"instock","11":"taxable","12":"shipping-taxable","13":"purchasable","14":"product-type-simple"},"jetpack_publicize_connections":[],"uagb_featured_image_src":{"full":["https:\/\/i0.wp.com\/matopro.fr\/wp-content\/uploads\/2023\/05\/combi-clean.png?fit=376%2C396&ssl=1",376,396,false],"thumbnail":["https:\/\/i0.wp.com\/matopro.fr\/wp-content\/uploads\/2023\/05\/combi-clean.png?resize=150%2C150&ssl=1",150,150,true],"medium":["https:\/\/i0.wp.com\/matopro.fr\/wp-content\/uploads\/2023\/05\/combi-clean.png?fit=285%2C300&ssl=1",285,300,true],"medium_large":["https:\/\/i0.wp.com\/matopro.fr\/wp-content\/uploads\/2023\/05\/combi-clean.png?fit=376%2C396&ssl=1",376,396,true],"large":["https:\/\/i0.wp.com\/matopro.fr\/wp-content\/uploads\/2023\/05\/combi-clean.png?fit=376%2C396&ssl=1",376,396,true],"1536x1536":["https:\/\/i0.wp.com\/matopro.fr\/wp-content\/uploads\/2023\/05\/combi-clean.png?fit=376%2C396&ssl=1",376,396,true],"2048x2048":["https:\/\/i0.wp.com\/matopro.fr\/wp-content\/uploads\/2023\/05\/combi-clean.png?fit=376%2C396&ssl=1",376,396,true],"mailpoet_newsletter_max":["https:\/\/i0.wp.com\/matopro.fr\/wp-content\/uploads\/2023\/05\/combi-clean.png?fit=376%2C396&ssl=1",376,396,true],"woocommerce_thumbnail":["https:\/\/i0.wp.com\/matopro.fr\/wp-content\/uploads\/2023\/05\/combi-clean.png?resize=300%2C300&ssl=1",300,300,true],"woocommerce_single":["https:\/\/i0.wp.com\/matopro.fr\/wp-content\/uploads\/2023\/05\/combi-clean.png?fit=376%2C396&ssl=1",376,396,true],"woocommerce_gallery_thumbnail":["https:\/\/i0.wp.com\/matopro.fr\/wp-content\/uploads\/2023\/05\/combi-clean.png?resize=100%2C100&ssl=1",100,100,true],"jetpack-portfolio-admin-thumb":["https:\/\/i0.wp.com\/matopro.fr\/wp-content\/uploads\/2023\/05\/combi-clean.png?resize=50%2C50&ssl=1",50,50,true]},"uagb_author_info":{"display_name":"illona laurent","author_link":"https:\/\/matopro.fr\/index.php\/author\/"},"uagb_comment_info":0,"uagb_excerpt":"Pour le nettoyage manuel des fours mixtes, fours et grills ainsi que pour les fours avec un syst\u00e8me de nettoyage automatique.","jetpack_sharing_enabled":false,"jetpack-related-posts":[{"id":494,"url":"https:\/\/matopro.fr\/index.php\/produit\/neogrill\/","url_meta":{"origin":498,"position":0},"title":"Neogrill 0.75l","author":"illona laurent","date":"3 mai 2023","format":false,"excerpt":"D\u00e9tergent intensif pour les fours et grills. Utilisation pour le nettoyage manuel en profondeur.","rel":"","context":"Article similaire","block_context":{"text":"Article similaire","link":""},"img":{"alt_text":"","src":"https:\/\/i0.wp.com\/matopro.fr\/wp-content\/uploads\/2023\/05\/neodisher-grill.webp?fit=288%2C288&ssl=1&resize=350%2C200","width":350,"height":200},"classes":[]},{"id":612,"url":"https:\/\/matopro.fr\/index.php\/produit\/detartrant-machine-a-cafe\/","url_meta":{"origin":498,"position":1},"title":"D\u00e9tartrant machine \u00e0 caf\u00e9","author":"illona laurent","date":"5 mai 2023","format":false,"excerpt":"D\u00e9tartrant en tablettes, 6 pi\u00e8ces - Pour machine \u00e0 caf\u00e9, four vapeur, FashionMaster, four\/cuisini\u00e8re avec fonction HydraCook.","rel":"","context":"Article similaire","block_context":{"text":"Article similaire","link":""},"img":{"alt_text":"detartrant-machine-cafe","src":"https:\/\/i0.wp.com\/matopro.fr\/wp-content\/uploads\/2023\/05\/Detartrant.1.png?fit=591%2C466&ssl=1&resize=350%2C200","width":350,"height":200,"srcset":"https:\/\/i0.wp.com\/matopro.fr\/wp-content\/uploads\/2023\/05\/Detartrant.1.png?fit=591%2C466&ssl=1&resize=350%2C200 1x, https:\/\/i0.wp.com\/matopro.fr\/wp-content\/uploads\/2023\/05\/Detartrant.1.png?fit=591%2C466&ssl=1&resize=525%2C300 1.5x"},"classes":[]},{"id":322,"url":"https:\/\/matopro.fr\/index.php\/produit\/brilliant-clean\/","url_meta":{"origin":498,"position":2},"title":"Brilliant Clean 2,5 KG","author":"illona laurent","date":"20 avril 2023","format":false,"excerpt":"Poudre d\u00e9tergente universelle pour le lavage automatique de la vaisselle. Particuli\u00e8rement adapt\u00e9 au lave-vaisselle \u00e0 eau libre, au lave-vaisselle domestique et au petit lave-vaisselle \u00e0 r\u00e9servoir unique. G\u00e9n\u00e9ralement utilis\u00e9 pour le nettoyage automatis\u00e9 des verres, de la porcelaine, des couverts et des ustensiles de travail.","rel":"","context":"Article similaire","block_context":{"text":"Article similaire","link":""},"img":{"alt_text":"brilliant-clean","src":"https:\/\/i0.wp.com\/matopro.fr\/wp-content\/uploads\/2023\/04\/brilliant-clean-neodisher.jpg?fit=800%2C800&ssl=1&resize=350%2C200","width":350,"height":200,"srcset":"https:\/\/i0.wp.com\/matopro.fr\/wp-content\/uploads\/2023\/04\/brilliant-clean-neodisher.jpg?fit=800%2C800&ssl=1&resize=350%2C200 1x, https:\/\/i0.wp.com\/matopro.fr\/wp-content\/uploads\/2023\/04\/brilliant-clean-neodisher.jpg?fit=800%2C800&ssl=1&resize=525%2C300 1.5x, https:\/\/i0.wp.com\/matopro.fr\/wp-content\/uploads\/2023\/04\/brilliant-clean-neodisher.jpg?fit=800%2C800&ssl=1&resize=700%2C400 2x"},"classes":[]},{"id":607,"url":"https:\/\/matopro.fr\/index.php\/produit\/twindoscare\/","url_meta":{"origin":498,"position":3},"title":"TwinDosCare","author":"illona laurent","date":"5 mai 2023","format":false,"excerpt":"Produit de nettoyage du syst\u00e8me TwinDos.","rel":"","context":"Article similaire","block_context":{"text":"Article similaire","link":""},"img":{"alt_text":"nettoyage-lave-linge","src":"https:\/\/i0.wp.com\/matopro.fr\/wp-content\/uploads\/2023\/05\/TwinDosCare.1.png?fit=571%2C571&ssl=1&resize=350%2C200","width":350,"height":200,"srcset":"https:\/\/i0.wp.com\/matopro.fr\/wp-content\/uploads\/2023\/05\/TwinDosCare.1.png?fit=571%2C571&ssl=1&resize=350%2C200 1x, https:\/\/i0.wp.com\/matopro.fr\/wp-content\/uploads\/2023\/05\/TwinDosCare.1.png?fit=571%2C571&ssl=1&resize=525%2C300 1.5x"},"classes":[]},{"id":485,"url":"https:\/\/matopro.fr\/index.php\/produit\/a20-st\/","url_meta":{"origin":498,"position":4},"title":"A20 ST","author":"illona laurent","date":"3 mai 2023","format":false,"excerpt":"Convient pour le nettoyage de base en machine de la vaisselle et des couverts. Le produit doit \u00eatre utilis\u00e9 comme d\u00e9tergent de base uniquement dans le programme de lavage pr\u00e9vu \u00e0 cet effet. Il permet un nettoyage m\u00e9canique rapide et \u00e9conomique. Produit disponible seulement en 1 kg. \u00a0","rel":"","context":"Article similaire","block_context":{"text":"Article similaire","link":""},"img":{"alt_text":"","src":"https:\/\/i0.wp.com\/matopro.fr\/wp-content\/uploads\/2023\/05\/a20-st-winterhalter.jpg?fit=290%2C600&ssl=1&resize=350%2C200","width":350,"height":200},"classes":[]},{"id":313,"url":"https:\/\/matopro.fr\/index.php\/produit\/f-865-plus-25-kg\/","url_meta":{"origin":498,"position":5},"title":"F 865 Plus &#8211; 25 kg","author":"illona laurent","date":"20 avril 2023","format":false,"excerpt":"Convient afin de laver les ustensiles professionnels, pour les boulangeries, les boucheries, les restaurants, les h\u00f4tels et les traiteurs. Particuli\u00e8rement adapt\u00e9 pour le nettoyage des ustensiles tr\u00e8s sales comme les r\u00e9cipients, bois, plaques de cuisson, contenants de livraison, plateaux, pots et casseroles. Performant contre les salissures prot\u00e9in\u00e9es et les graisses.\u2026","rel":"","context":"Article similaire","block_context":{"text":"Article similaire","link":""},"img":{"alt_text":"f-865-plus-25-kg","src":"https:\/\/i0.wp.com\/matopro.fr\/wp-content\/uploads\/2023\/04\/F365Plus-winterhalter.jpg?fit=800%2C800&ssl=1&resize=350%2C200","width":350,"height":200,"srcset":"https:\/\/i0.wp.com\/matopro.fr\/wp-content\/uploads\/2023\/04\/F365Plus-winterhalter.jpg?fit=800%2C800&ssl=1&resize=350%2C200 1x, https:\/\/i0.wp.com\/matopro.fr\/wp-content\/uploads\/2023\/04\/F365Plus-winterhalter.jpg?fit=800%2C800&ssl=1&resize=525%2C300 1.5x, https:\/\/i0.wp.com\/matopro.fr\/wp-content\/uploads\/2023\/04\/F365Plus-winterhalter.jpg?fit=800%2C800&ssl=1&resize=700%2C400 2x"},"classes":[]}],"jetpack_likes_enabled":false,"_links":{"self":[{"href":"https:\/\/matopro.fr\/index.php\/wp-json\/wp\/v2\/product\/498","targetHints":{"allow":["GET"]}}],"collection":[{"href":"https:\/\/matopro.fr\/index.php\/wp-json\/wp\/v2\/product"}],"about":[{"href":"https:\/\/matopro.fr\/index.php\/wp-json\/wp\/v2\/types\/product"}],"replies":[{"embeddable":true,"href":"https:\/\/matopro.fr\/index.php\/wp-json\/wp\/v2\/comments?post=498"}],"wp:featuredmedia":[{"embeddable":true,"href":"https:\/\/matopro.fr\/index.php\/wp-json\/wp\/v2\/media\/624"}],"wp:attachment":[{"href":"https:\/\/matopro.fr\/index.php\/wp-json\/wp\/v2\/media?parent=498"}],"wp:term":[{"taxonomy":"product_brand","embeddable":true,"href":"https:\/\/matopro.fr\/index.php\/wp-json\/wp\/v2\/product_brand?post=498"},{"taxonomy":"product_cat","embeddable":true,"href":"https:\/\/matopro.fr\/index.php\/wp-json\/wp\/v2\/product_cat?post=498"},{"taxonomy":"product_tag","embeddable":true,"href":"https:\/\/matopro.fr\/index.php\/wp-json\/wp\/v2\/product_tag?post=498"}],"curies":[{"name":"wp","href":"https:\/\/api.w.org\/{rel}","templated":true}]}}