{"id":487,"date":"2023-05-03T15:21:41","date_gmt":"2023-05-03T13:21:41","guid":{"rendered":"https:\/\/matopro.fr\/?post_type=product&#038;p=487"},"modified":"2025-10-29T23:43:09","modified_gmt":"2025-10-29T22:43:09","slug":"nettoyant-pour-systeme-a-lait","status":"publish","type":"product","link":"https:\/\/matopro.fr\/index.php\/produit\/nettoyant-pour-systeme-a-lait\/","title":{"rendered":"Nettoyant pour syst\u00e8me \u00e0 lait"},"content":{"rendered":"<p>Utilisez ce nettoyant pour syst\u00e8me \u00e0 lait afin d&rsquo;\u00e9liminer les d\u00e9p\u00f4ts de lait sur les baguettes \u00e0 vapeur et les dispositifs d&rsquo;auto-nettoyage dans le but d&rsquo;augmenter le d\u00e9bit de vapeur, d&rsquo;\u00e9viter les probl\u00e8mes d&rsquo;entretien et, surtout, de conserver le go\u00fbt de votre lait pur et propre.<\/p>\n<p>Ceci est une formule liquide \u00e0 base d&rsquo;acide, ne pas utiliser sans protection.<\/p>\n","protected":false},"excerpt":{"rendered":"<p>Produit pour machine \u00e0 espresso de la marque RANCILIO.<\/p>\n","protected":false},"featured_media":488,"comment_status":"open","ping_status":"closed","template":"","meta":{"_uag_custom_page_level_css":"","swt_meta_header_display":false,"swt_meta_footer_display":false,"swt_meta_site_title_display":true,"swt_meta_sticky_header":false,"swt_meta_transparent_header":false,"advanced_seo_description":"","jetpack_seo_html_title":"","jetpack_seo_noindex":false,"jetpack_publicize_message":"","jetpack_publicize_feature_enabled":true,"jetpack_social_post_already_shared":true,"jetpack_social_options":{"image_generator_settings":{"template":"highway","default_image_id":0,"font":"","enabled":false},"version":2}},"product_brand":[],"product_cat":[55],"product_tag":[53],"class_list":{"0":"post-487","1":"product","2":"type-product","3":"status-publish","4":"has-post-thumbnail","6":"product_cat-nettoyants-machine-a-cafe","7":"product_tag-rancilio","9":"first","10":"instock","11":"taxable","12":"shipping-taxable","13":"purchasable","14":"product-type-simple"},"jetpack_publicize_connections":[],"uagb_featured_image_src":{"full":["https:\/\/i0.wp.com\/matopro.fr\/wp-content\/uploads\/2023\/05\/Egro-acid-formulation-rancilio.jpeg?fit=300%2C300&ssl=1",300,300,false],"thumbnail":["https:\/\/i0.wp.com\/matopro.fr\/wp-content\/uploads\/2023\/05\/Egro-acid-formulation-rancilio.jpeg?resize=150%2C150&ssl=1",150,150,true],"medium":["https:\/\/i0.wp.com\/matopro.fr\/wp-content\/uploads\/2023\/05\/Egro-acid-formulation-rancilio.jpeg?fit=300%2C300&ssl=1",300,300,true],"medium_large":["https:\/\/i0.wp.com\/matopro.fr\/wp-content\/uploads\/2023\/05\/Egro-acid-formulation-rancilio.jpeg?fit=300%2C300&ssl=1",300,300,true],"large":["https:\/\/i0.wp.com\/matopro.fr\/wp-content\/uploads\/2023\/05\/Egro-acid-formulation-rancilio.jpeg?fit=300%2C300&ssl=1",300,300,true],"1536x1536":["https:\/\/i0.wp.com\/matopro.fr\/wp-content\/uploads\/2023\/05\/Egro-acid-formulation-rancilio.jpeg?fit=300%2C300&ssl=1",300,300,true],"2048x2048":["https:\/\/i0.wp.com\/matopro.fr\/wp-content\/uploads\/2023\/05\/Egro-acid-formulation-rancilio.jpeg?fit=300%2C300&ssl=1",300,300,true],"mailpoet_newsletter_max":["https:\/\/i0.wp.com\/matopro.fr\/wp-content\/uploads\/2023\/05\/Egro-acid-formulation-rancilio.jpeg?fit=300%2C300&ssl=1",300,300,true],"woocommerce_thumbnail":["https:\/\/i0.wp.com\/matopro.fr\/wp-content\/uploads\/2023\/05\/Egro-acid-formulation-rancilio.jpeg?resize=300%2C300&ssl=1",300,300,true],"woocommerce_single":["https:\/\/i0.wp.com\/matopro.fr\/wp-content\/uploads\/2023\/05\/Egro-acid-formulation-rancilio.jpeg?fit=300%2C300&ssl=1",300,300,true],"woocommerce_gallery_thumbnail":["https:\/\/i0.wp.com\/matopro.fr\/wp-content\/uploads\/2023\/05\/Egro-acid-formulation-rancilio.jpeg?resize=100%2C100&ssl=1",100,100,true],"jetpack-portfolio-admin-thumb":["https:\/\/i0.wp.com\/matopro.fr\/wp-content\/uploads\/2023\/05\/Egro-acid-formulation-rancilio.jpeg?resize=50%2C50&ssl=1",50,50,true]},"uagb_author_info":{"display_name":"illona laurent","author_link":"https:\/\/matopro.fr\/index.php\/author\/"},"uagb_comment_info":0,"uagb_excerpt":"Produit pour machine \u00e0 espresso de la marque RANCILIO.","jetpack_sharing_enabled":false,"jetpack-related-posts":[{"id":616,"url":"https:\/\/matopro.fr\/index.php\/produit\/nettoyant-machine-a-cafe\/","url_meta":{"origin":487,"position":0},"title":"Nettoyant machine \u00e0 caf\u00e9","author":"illona laurent","date":"5 mai 2023","format":false,"excerpt":"Nettoyant en tablettes, x 10 pi\u00e8ces - Pour les machines \u00e0 caf\u00e9, afin de garder intact le plaisir d'un bon caf\u00e9. R\u00e9f.10270530","rel":"","context":"Article similaire","block_context":{"text":"Article similaire","link":""},"img":{"alt_text":"nettoyant-machine-cafe","src":"https:\/\/i0.wp.com\/matopro.fr\/wp-content\/uploads\/2023\/05\/Nettoyant.1.png?fit=454%2C468&ssl=1&resize=350%2C200","width":350,"height":200},"classes":[]},{"id":612,"url":"https:\/\/matopro.fr\/index.php\/produit\/detartrant-machine-a-cafe\/","url_meta":{"origin":487,"position":1},"title":"D\u00e9tartrant machine \u00e0 caf\u00e9","author":"illona laurent","date":"5 mai 2023","format":false,"excerpt":"D\u00e9tartrant en tablettes, 6 pi\u00e8ces - Pour machine \u00e0 caf\u00e9, four vapeur, FashionMaster, four\/cuisini\u00e8re avec fonction HydraCook.","rel":"","context":"Article similaire","block_context":{"text":"Article similaire","link":""},"img":{"alt_text":"detartrant-machine-cafe","src":"https:\/\/i0.wp.com\/matopro.fr\/wp-content\/uploads\/2023\/05\/Detartrant.1.png?fit=591%2C466&ssl=1&resize=350%2C200","width":350,"height":200,"srcset":"https:\/\/i0.wp.com\/matopro.fr\/wp-content\/uploads\/2023\/05\/Detartrant.1.png?fit=591%2C466&ssl=1&resize=350%2C200 1x, https:\/\/i0.wp.com\/matopro.fr\/wp-content\/uploads\/2023\/05\/Detartrant.1.png?fit=591%2C466&ssl=1&resize=525%2C300 1.5x"},"classes":[]},{"id":498,"url":"https:\/\/matopro.fr\/index.php\/produit\/combi-clean\/","url_meta":{"origin":487,"position":2},"title":"Combi Clean 0.75l","author":"illona laurent","date":"3 mai 2023","format":false,"excerpt":"Pour le nettoyage manuel des fours mixtes, fours et grills ainsi que pour les fours avec un syst\u00e8me de nettoyage automatique.","rel":"","context":"Article similaire","block_context":{"text":"Article similaire","link":""},"img":{"alt_text":"combi-clean","src":"https:\/\/i0.wp.com\/matopro.fr\/wp-content\/uploads\/2023\/05\/combi-clean.png?fit=376%2C396&ssl=1&resize=350%2C200","width":350,"height":200},"classes":[]},{"id":523,"url":"https:\/\/matopro.fr\/index.php\/produit\/hx-la-batterie-li-ion\/","url_meta":{"origin":487,"position":3},"title":"HX-LA &#8211; batterie Li-Ion","author":"illona laurent","date":"4 mai 2023","format":false,"excerpt":"Batterie Li-Ion. Permet de prolonger la dur\u00e9e de fonctionnement du balai sans fil Triflex HX1.","rel":"","context":"Article similaire","block_context":{"text":"Article similaire","link":""},"img":{"alt_text":"batterie-li-ion","src":"https:\/\/i0.wp.com\/matopro.fr\/wp-content\/uploads\/2023\/05\/HX-LA.1-1.png?fit=762%2C585&ssl=1&resize=350%2C200","width":350,"height":200,"srcset":"https:\/\/i0.wp.com\/matopro.fr\/wp-content\/uploads\/2023\/05\/HX-LA.1-1.png?fit=762%2C585&ssl=1&resize=350%2C200 1x, https:\/\/i0.wp.com\/matopro.fr\/wp-content\/uploads\/2023\/05\/HX-LA.1-1.png?fit=762%2C585&ssl=1&resize=525%2C300 1.5x, https:\/\/i0.wp.com\/matopro.fr\/wp-content\/uploads\/2023\/05\/HX-LA.1-1.png?fit=762%2C585&ssl=1&resize=700%2C400 2x"},"classes":[]},{"id":1069,"url":"https:\/\/matopro.fr\/index.php\/produit\/p-300-10-kg\/","url_meta":{"origin":487,"position":4},"title":"P 300 &#8211; 10 kg","author":"illona laurent","date":"26 mai 2023","format":false,"excerpt":"Convient aux lave-vaisselle professionnels \u00e0 porte d'entr\u00e9e et \u00e0 panier pour les restaurants, les h\u00f4tels et les cuisines de cantine. Ce produit \u00e9limine efficacement les r\u00e9sidus de caf\u00e9 et de th\u00e9 s\u00e9ch\u00e9s et autres colorants ainsi que les r\u00e9sidus alimentaires l\u00e9g\u00e8rement s\u00e9ch\u00e9s. Pr\u00e9-v\u00e9rifier l'aluminium anodis\u00e9 et les alliages de m\u00e9taux\u2026","rel":"","context":"Article similaire","block_context":{"text":"Article similaire","link":""},"img":{"alt_text":"p-300-10-kg","src":"https:\/\/i0.wp.com\/matopro.fr\/wp-content\/uploads\/2023\/05\/P300-10kg-winterhalter.png?fit=375%2C314&ssl=1&resize=350%2C200","width":350,"height":200},"classes":[]},{"id":471,"url":"https:\/\/matopro.fr\/index.php\/produit\/p-300-25-kg\/","url_meta":{"origin":487,"position":5},"title":"P 300 &#8211; 25 kg","author":"illona laurent","date":"3 mai 2023","format":false,"excerpt":"Convient aux lave-vaisselle professionnels \u00e0 porte d'entr\u00e9e et \u00e0 panier pour les restaurants, les h\u00f4tels et les cuisines de cantine. Ce produit \u00e9limine efficacement les r\u00e9sidus de caf\u00e9 et de th\u00e9 s\u00e9ch\u00e9s et autres colorants ainsi que les r\u00e9sidus alimentaires l\u00e9g\u00e8rement s\u00e9ch\u00e9s. Pr\u00e9-v\u00e9rifier l'aluminium anodis\u00e9 et les alliages de m\u00e9taux\u2026","rel":"","context":"Article similaire","block_context":{"text":"Article similaire","link":""},"img":{"alt_text":"p-300-25-kg","src":"https:\/\/i0.wp.com\/matopro.fr\/wp-content\/uploads\/2023\/05\/p300-25kg-winterhalter.jpg?fit=717%2C800&ssl=1&resize=350%2C200","width":350,"height":200,"srcset":"https:\/\/i0.wp.com\/matopro.fr\/wp-content\/uploads\/2023\/05\/p300-25kg-winterhalter.jpg?fit=717%2C800&ssl=1&resize=350%2C200 1x, https:\/\/i0.wp.com\/matopro.fr\/wp-content\/uploads\/2023\/05\/p300-25kg-winterhalter.jpg?fit=717%2C800&ssl=1&resize=525%2C300 1.5x, https:\/\/i0.wp.com\/matopro.fr\/wp-content\/uploads\/2023\/05\/p300-25kg-winterhalter.jpg?fit=717%2C800&ssl=1&resize=700%2C400 2x"},"classes":[]}],"jetpack_likes_enabled":false,"_links":{"self":[{"href":"https:\/\/matopro.fr\/index.php\/wp-json\/wp\/v2\/product\/487","targetHints":{"allow":["GET"]}}],"collection":[{"href":"https:\/\/matopro.fr\/index.php\/wp-json\/wp\/v2\/product"}],"about":[{"href":"https:\/\/matopro.fr\/index.php\/wp-json\/wp\/v2\/types\/product"}],"replies":[{"embeddable":true,"href":"https:\/\/matopro.fr\/index.php\/wp-json\/wp\/v2\/comments?post=487"}],"wp:featuredmedia":[{"embeddable":true,"href":"https:\/\/matopro.fr\/index.php\/wp-json\/wp\/v2\/media\/488"}],"wp:attachment":[{"href":"https:\/\/matopro.fr\/index.php\/wp-json\/wp\/v2\/media?parent=487"}],"wp:term":[{"taxonomy":"product_brand","embeddable":true,"href":"https:\/\/matopro.fr\/index.php\/wp-json\/wp\/v2\/product_brand?post=487"},{"taxonomy":"product_cat","embeddable":true,"href":"https:\/\/matopro.fr\/index.php\/wp-json\/wp\/v2\/product_cat?post=487"},{"taxonomy":"product_tag","embeddable":true,"href":"https:\/\/matopro.fr\/index.php\/wp-json\/wp\/v2\/product_tag?post=487"}],"curies":[{"name":"wp","href":"https:\/\/api.w.org\/{rel}","templated":true}]}}